+ 0*g + 246 = 0. Let d(b) = b**3 - 142*b**2 + 147*b - 20811. What is the remainder when g is divided by d(142)?
57
Let p be (-9)/3 - -7 - (68 - -1). Let q = -70 - p. What is the remainder when 158 is divided by 22 - (2 + 3)/q?
20
Suppose 3*m + 2*s = 4*s + 73, -s + 1 = 0. Suppose 0 = -m*g + 7*g + 1584. What is the remainder when g is divided by 15?
13
Suppose -27*d + 835 = -22*d. Suppose -23*o = 15*o - 1064. Calculate the remainder when d is divided by o.
27
Let w = -38 - 30. Suppose -2*p - 2*p + 16 = 0. Calculate the remainder when 4/(-5)*(w/8 - -1) is divided by p.
2
Let w = -329 - -86. Calculate the remainder when 88 - 0 - 4/(-4) is divided by (-4)/9 + (-9)/(w/1254).
43
Let j(k) = -23*k + 57. Let a = -280 - -280. What is the remainder when 512 is divided by j(a)?
56
Suppose -4*o + 814 = -382. Suppose -3*q + 106 = 2*t, 2*t = -3*t + q + o. What is the remainder when t is divided by 16?
11
Calculate the remainder when 2/(0 + 2) - 46*45/(-18) is divided by 76.
40
What is the remainder when 311 is divided by ((-867)/119)/(2/(-14))?
5
Let s be ((-10)/(-20))/((-2)/(-8)*1). Suppose x + x = s*u - 20, -3*u - 2*x = -10. Calculate the remainder when 9 is divided by u.
3
Let a be -5 - -3 - (-3 + -1). Suppose -4*x + 0*x + 316 = 5*y, a*y + 214 = 3*x. Let b = -4 - -30. What is the remainder when x is divided by b?
22
Let y(t) = 6*t**2 - 114*t + 29. What is the remainder when y(20) is divided by 136?
13
Suppose 43 = 11*h + 219. Calculate the remainder when (-1)/2 + (-275)/(-2) is divided by (-1 - 3)*-7 + (h - -11).
22
Let k(p) be the second derivative of 4*p**5/5 + p**4/4 - 5*p**3/6 + p**2/2 + 144*p. What is the remainder when 372 is divided by k(1)?
12
Suppose 0 = -2*u + 55 + 423. Suppose -3*s - 99 = -5*m, -3*m + 155 = 5*s + 48. Calculate the remainder when u is divided by m.
23
Suppose 0 = -11*t + 13*t + 3*c - 7, -2*c = 5*t + 10. What is the remainder when ((-675)/20)/5*t is divided by (-1)/(-4) - (-27)/4?
6
Let i(p) = -p**3 + 17*p**2 - 55*p + 44. Suppose 77 = 3*w + 5*f, -20 = -0*f + 4*f. What is the remainder when w is divided by i(13)?
4
Let j(y) = -56*y**3 - 322*y**2 + 16*y - 20. Calculate the remainder when j(-6) is divided by 22.
14
Suppose 0 = -139*t + 31*t + 756. Calculate the remainder when 80 is divided by t.
3
Let g(w) = w**3 + 4*w**2 - 8*w - 37. Let i be g(-4). Let l(o) = -81*o - 45. What is the remainder when l(i) is divided by 19?
18
Suppose -135 = 607*a - 622*a. What is the remainder when 10 is divided by a?
1
Suppose -44 - 11916 = -184*i. What is the remainder when 501 is divided by i?
46
Let z = 583 - 527. Let j be (2/(-6))/((-1)/9). Suppose d + j*d = z. What is the remainder when 68 is divided by d?
12
Let g = 26 + -30. Let f be g*(242/(-8) - -4). Calculate the remainder when 60 is divided by f/5 + -2 + 2.
18
Let x be 13/3 + 3/(-9). Let j = x + -3. Suppose 303 = 278*t - 647 - 440. What is the remainder when t is divided by j?
0
Calculate the remainder when 341 is divided by -13 + 33 + (3 - (-6)/1).
22
Suppose 0 = 4*m + 2*a - 234, m - 3*a = 145 - 97. Let j = -469 - -978. What is the remainder when j is divided by m?
53
Let y be (-344)/(-2) - 6/1. Suppose 167*v = y*v + 11. Calculate the remainder when 42 is divided by v.
9
Suppose 12 = 4*l - 8. Suppose l*w = -3*m + 182, -55 = -m + 6*w - 2*w. Let s = 24 + -8. Calculate the remainder when m is divided by s.
11
Suppose 2*g = 2, 4*q - 12*g + 7*g = 1779. What is the remainder when q is divided by 14?
12
What is the remainder when 0 - -3*3/9*873 is divided by 40?
33
Suppose 8 - 29 = 3*q. Let d(f) = -f + 18. Calculate the remainder when 94 is divided by d(q).
19
Let j = -9288 + 9625. Calculate the remainder when j is divided by 82.
9
What is the remainder when 303 is divided by 1/((-1 - 1)/(-16)*(-70)/(-280))?
15
Let s = 0 - -9. Let b(k) = k**3 + 14*k**2 - 17*k + 4. Let x be 6*8/12 + -20 + 1. What is the remainder when b(x) is divided by s?
7
Let b(k) = -k**3 - 5*k**2 - k + 4. Let f be b(-5). Suppose 10 = -f*l - 26. What is the remainder when 40 is divided by ((-8)/l)/((-2)/(-13))?
1
Let x(u) = u**3 - 9*u**2 + 12*u - 5. Let b(d) = 1033*d - d**3 + 0*d**3 - 5*d**2 + 15 - 1032*d. What is the remainder when b(-7) is divided by x(8)?
25
Let v be 12/1*3/63*7. Suppose -4*r = 5*f - 604, -3*r + f = -v*f - 453. What is the remainder when r is divided by 22?
19
Suppose 2*x + 2*w = 22, 5*w = -4*x + 7*w + 74. What is the remainder when 234 is divided by (x + 2)*(-81)/(-54)?
18
Let x(q) = -q**3 + 5*q**2 - q + 3. Let d be x(5). Let v be 1/d - 12/(-24). Let o = v + 25. What is the remainder when o is divided by 9?
7
Suppose 12*a = -3*a - 68 + 1913. Calculate the remainder when 2213 is divided by a.
122
Let s be ((-196)/1)/((-6)/6). Suppose -3*d = d - s. What is the remainder when d is divided by 104/(-5)*215/(-172)?
23
Let b(w) = 35*w + 1134. Calculate the remainder when b(-27) is divided by 108.
81
Let b be (-84)/(-18) + (-10)/15. Suppose 5*s + b*f = 1666 - 19, -3*f = -9. What is the remainder when s is divided by 22?
19
Suppose 188*n = 190*n + 1238. Let i = -531 - n. Calculate the remainder when i is divided by 40.
8
Let c(m) = m + 12. Let r be c(-12). Suppose 7*d - 98 = -r*d. Calculate the remainder when 39 + 36/6 + -5 is divided by d.
12
Suppose -15*d + 157 = -4*f, -d + 353*f = 350*f - 5. Calculate the remainder when 2/(-4) - (-225)/2 is divided by d.
2
Suppose 126 = 5*b + 1706. Calculate the remainder when b/(-3) + (-1)/3 is divided by (2 - 3) + 222/(-24)*-4.
33
Suppose -g - 3*c = 28, 4*c + 52 = 8*g - 10*g. Let r(y) = -6*y + 23. What is the remainder when r(g) is divided by 12?
11
Calculate the remainder when 580/174*(1 - (-165)/6) is divided by 81.
14
Suppose -183*w + 41632 + 15464 = 0. What is the remainder when 937 is divided by w?
1
Let m = 4098 - 3253. What is the remainder when m is divided by 17?
12
Let j be 55*-3*18/(-10). Let v = 329 - j. What is the remainder when v is divided by 9?
5
Suppose o = -8, o = 2*m + 1482 - 41446. What is the remainder when m is divided by 9?
7
Let f = -250 + 258. Let n(a) = -2*a**3 + 32*a**2 + a - 5. Calculate the remainder when n(16) is divided by f.
3
Let g = 104 + -97. Calculate the remainder when 2 is divided by (3/6)/(g/28).
0
Let c = -202 - -624. Suppose -415*r - 161 = -c*r. What is the remainder when 33 is divided by r?
10
Let k(l) = 189*l - 18. Let c be k(3). Suppose 0 = 11*b - c - 1. Calculate the remainder when b is divided by 19.
12
Suppose -2*k = -2*n - 28, 11*k - 4 = 10*k - 4*n. Calculate the remainder when 885 is divided by k.
9
Suppose 2*b - d = 10, 13 = 3*b + d - 2. Suppose 0 = 2*k - b*m - 332, -27*k + 22*k - m + 776 = 0. What is the remainder when k is divided by 33?
24
Let w(a) = 59*a - 7995. Calculate the remainder when 592 is divided by w(137).
64
Let h = 45 - 24. Let j(s) = s**3 + 28*s**2 + 138*s + 227. Calculate the remainder when j(-4) is divided by h.
17
Let u = 27 + -9. Suppose 1719 = 5*k + 4*t, 3*k + 4*t - 463 = 578. Calculate the remainder when k is divided by u.
15
Suppose -36 = -13*v + 11*v. Calculate the remainder when 1164 is divided by v.
12
Let m = -68 - -8053. Calculate the remainder when m is divided by 47.
42
Suppose 2*q - 18 - 24 = 0. Let z = 273 + -270. What is the remainder when ((-3 - 15)/z)/((-3)/82) is divided by q?
17
Let h = 4154 - 4139. Calculate the remainder when 15 is divided by h.
0
What is the remainder when 215 is divided by 5 - 4 - (8 + -1*114)?
1
Let t(n) = 414*n + 154. Let u be t(6). Suppose -18*y + 926 + u = 0. Calculate the remainder when y is divided by 50.
48
Let n be (1642/18)/((-13)/(-117)). Let h = n - 819. Let q(s) = -s**2 - 6*s - 1. What is the remainder when q(-4) is divided by h?
1
Let t be (2/(-4))/(-12 + 142/12). Suppose 0 = t*n + n + q - 203, n - 72 = 4*q. Calculate the remainder when 163 is divided by n.
7
Suppose 0*f + 4*f - 224 = 0. Suppose 107*q + f = 109*q. What is the remainder when q is divided by 8?
4
Let l be (-7 - (-3 + -494))/2. Let r = 282 - l. What is the remainder when r is divided by 15?
7
Let a(n) = -47*n + 91. Let v be a(-6). Let x = v - 339. What is the remainder when 133 is divided by x?
31
Let t(p) = 16*p**2 + p. Suppose 43 = 5*b + 3*d - 15, -20 = -2*b - 2*d. Calculate the remainder when t(2) is divided by b.
10
Suppose 3*a - 50 = 4*s, s + 2 = 3*a - 51. Calculate the remainder whe